 Let y be b(z). Calculate the highest common factor of y and 13.
13
Suppose -18 = 9*u - 27. Let p = u + 299. What is the highest common divisor of 15 and p?
15
Let j be 39/2 + 3*1/6. Let l be 165/(-6)*(-8)/j. What is the greatest common factor of 539 and l?
11
Let l(a) = -3*a**3 - 24*a**2 + 18*a - 18. Suppose 145 - 100 = -5*s. Let w be l(s). What is the highest common factor of 189 and w?
63
Let p = 426 - 154. Suppose -p = -7*w - w. What is the highest common factor of 119 and w?
17
Let u = 11066 + -9285. Calculate the highest common divisor of u and 1096.
137
Let m = -3460 + 11426. What is the greatest common factor of 42 and m?
14
Suppose 0 = -2*l - 5*m + 86 - 21, -2*l + 75 = -5*m. Suppose -3*j + 2800 = 2*j. What is the greatest common divisor of j and l?
35
Suppose -33 = 5*t - 3. Let x be 3 - (330/t - -6). Calculate the highest common divisor of 988 and x.
52
Suppose -12*c + 9*c + 4*n + 412 = 0, 0 = -c + 5*n + 163. What is the highest common divisor of c and 48512?
128
Let u(t) = 87*t - 69. Let r be u(6). Let a = -185 + r. Calculate the highest common factor of a and 4.
4
Let t(w) = 13*w - 30. Let x be t(10). Suppose -5*v + 135 = -5*b, -3*v - 2*b = -7*v + x. What is the highest common factor of 184 and v?
23
Let o = -24206 - -24575. What is the greatest common divisor of 1066 and o?
41
Suppose 0 = -298*z + 304*z - 672. Calculate the highest common divisor of z and 1414.
14
Let z(k) = -k**3 + 6*k**2 + k + 7. Let b be z(-3). What is the highest common divisor of 68 and b?
17
Let u(k) = 91*k + 3189. Let y be u(-35). What is the highest common factor of 10 and y?
2
Let o be 75/20*(40 + 4). Let j = 220 - o. Calculate the greatest common factor of j and 15.
5
Let j be 56/((-2)/88*-11). Calculate the greatest common divisor of 10 and j.
2
Let f = -3354 - -3396. Let a(h) = -5*h**3 + h**2 + h + 1. Let y be a(-1). What is the greatest common divisor of y and f?
6
Let u(n) = 4*n**2 + 4*n - 3. Let c be u(2). Suppose 0 = -4378*t + 4379*t - 105. Calculate the greatest common divisor of t and c.
21
Let j be ((-533)/65 - -9)*765/36. Let k be (-6)/9 - 869/(-3). What is the highest common divisor of k and j?
17
Suppose 62 + 204 = 19*b. Let j(l) = 22*l - 191. Let z be j(b). Calculate the highest common factor of 65 and z.
13
Suppose -2*l = -3 + 3. Suppose 5*m - 68 - 132 = l. Let k = -26 + m. Calculate the greatest common factor of k and 2.
2
Suppose -2005 = 13*n - 5788. Let l = -186 + n. What is the highest common divisor of l and 255?
15
Let h be (24/(-15))/((-3)/15)*6. Suppose -2*x = 2*t + h, -2*x = -t + 5*t + 40. Let i be 5 - 432/x - (-3)/(-7). Calculate the highest common divisor of i and 20.
20
Suppose 53*v - 36 = 47*v + 2*w, -4*v + 8 = 4*w. Let h = -140 - -265. Calculate the greatest common divisor of v and h.
5
Let b(w) = -2*w**2 + 3*w - 1. Let h be b(1). Let d be 0 - 2/(h + 1) - -2. Suppose -64 = -d*i - i. Calculate the greatest common divisor of 16 and i.
16
Suppose 2*c + 3*c = 20. Let j(f) = -f**3 + 4*f**2 + 5*f - 15. Let m be j(6). Let k = m - -85. What is the greatest common divisor of k and c?
4
Suppose 2*x + 0*o - 2*o + 34 = 0, -5*x - 67 = 4*o. Let q be 79/5 + 12/x. Let d = q - 12. What is the greatest common divisor of 33 and d?
3
Suppose 368 = 4*j + 88. Let w = 32 + -30. Suppose -32 = -w*p - 4. What is the greatest common factor of j and p?
14
Let w(f) = -5*f + 108. Let i = -259 - -271. Let c be w(i). Calculate the highest common divisor of 112 and c.
16
Suppose 84 = 2*m + 4*m. Suppose -4*d - m = 5*g - 4*g, 2*g + 23 = -3*d. Let h be 324/60 + 4/g. Calculate the greatest common factor of h and 10.
5
Let l be ((-354)/7)/(398/(-2786)). What is the greatest common divisor of 2 and l?
2
Suppose 8891 = 111*b - 1432. Calculate the highest common factor of 3999 and b.
93
Let k be ((-244)/732)/((-35)/(-36) - 1). Calculate the greatest common factor of k and 876.
12
Let x be 8 + -3 + (13 - 20). Let m be (96 - 9) + x + -10. Let p = 29 - 4. What is the greatest common factor of p and m?
25
Suppose -2*i - 2*d = -86, 4*i + 17*d = 14*d + 171. What is the highest common divisor of i and 3801?
21
Let p(m) = -2*m - 33. Let f be p(-19). Suppose -2*h - 20 = -d, 4*h + f = -h. Suppose d*u = 20*u - 140. Calculate the highest common factor of u and 35.
35
Let t(b) = 152*b**3 - 73*b**2 + 435*b - 4. Let j be t(7). What is the highest common divisor of 300 and j?
300
Suppose 0 = 3*o + 28 - 64. Let i be o/5 + 130/(-325). What is the highest common factor of 26 and i?
2
Let m = 49022 + -25616. What is the highest common factor of 94 and m?
94
Suppose 123*w - 125*w = -246. Let a be ((-36)/45 + 9)/(1/10). What is the highest common divisor of w and a?
41
Let k(g) = -4*g - 47. Let v be 1*(24 - 1) + (4 - 2). Suppose -10*w = 195 - v. Let j be k(w). What is the greatest common factor of 28 and j?
7
Suppose -139*t + 15431 + 21894 = 10637. Suppose 3*h - 18 = -0*h. Calculate the greatest common divisor of t and h.
6
Suppose -8*c = 17*c - 8050. Suppose 8*l = 15*l - c. What is the highest common factor of l and 598?
46
Let w = -2839 + 8285. What is the greatest common factor of w and 14?
14
Let q(x) = 5*x**2 - 3*x + 3. Let m be q(4). Suppose -19*s = -18*s - m. Calculate the greatest common factor of 284 and s.
71
Let y = 8 - 8. Let o be ((-3)/2 - -2)*y. Suppose 3*l + o*l = 90. Calculate the greatest common factor of 3 and l.
3
Suppose -2*u - 4 = 4, 4*u - 74 = -5*t. Suppose 27*l - 750 = 2*l. What is the greatest common factor of l and t?
6
Let s = 16441 - 16038. What is the highest common divisor of s and 52?
13
Let a = 4040 - -1012. Calculate the highest common divisor of 12 and a.
12
Suppose 4*c = -6*n + 4*n + 16, -5*n = -2*c + 8. Suppose h = -c*h - 25. Let g be (-8)/(9 + h) - -1*11. Calculate the greatest common factor of 36 and g.
9
Suppose l + 4*m - 27 = 0, -18*m = -l - 23*m + 31. Let u(w) = 2*w**3 - 6*w**2 - w + 4. Let d be u(5). Calculate the greatest common factor of l and d.
11
Suppose 0 = 2450*s - 2411*s - 585. What is the greatest common factor of s and 205?
5
Suppose 5*y - 20 = 2*r - 122, 2*r = 4*y + 82. Let l = y - -12. Let h be (l/(-20))/(3/30). Calculate the highest common divisor of 1 and h.
1
Suppose -5*c - 5 = 0, 3*c - 315 = 4*t + 2*c. Let m = t - -43. Let o be 10/(m/(-8) + -4). What is the greatest common divisor of 180 and o?
20
Let w = -1755 - -1830. What is the highest common divisor of 1075 and w?
25
Let x be 44/2 + (4 - (12 + -16)). Calculate the highest common factor of x and 7680.
30
Let a(o) = 6*o**2 - 18*o + 10. Let n be a(-5). Let w = n + -190. What is the highest common divisor of 24 and w?
12
Suppose 3*t = -2*t + 190. Suppose -t = -w - 0*w. Suppose -14*n + 15*n + 3*h = 310, 2*h + 1516 = 5*n. Calculate the highest common factor of n and w.
38
Let i = -172 - -117. Let r = i + 99. Let f = 228 - 162. Calculate the highest common divisor of r and f.
22
Let p be (31 + -25)*(0 - (-10)/(-3)). Let s = p + 27. Suppose -3*t + 336 = t. What is the greatest common divisor of t and s?
7
Let t = -5669 + 7474. What is the greatest common factor of 190 and t?
95
Let t = 15599 + -7852. What is the highest common divisor of 254 and t?
127
Suppose 0 = 2*u - 587 - 471. Let l = u + -368. What is the greatest common divisor of l and 14?
7
Let r be (13 + -1 - 7) + 107. What is the highest common factor of 304 and r?
16
Suppose c = 3, -3*h + 1816 = 3*c + 247. Suppose 78*z = 74*z + h. Calculate the greatest common factor of z and 26.
26
Suppose 16 - 24 = 2*c. Let w be (-2)/(-8)*(16 + c). Suppose 0 = -2*z + 15 - w. Calculate the highest common factor of 30 and z.
6
Suppose 141*i - 42 = 135*i. Let b = 123 - 116. What is the greatest common factor of i and b?
7
Suppose 2*p = -2*r + 18, 0 = -3*p + 4*r + 54 - 20. Let x = p - 0. Calculate the greatest common divisor of x and 20.
10
Suppose 0 = 3*w - s - 1488, -2*w + 984 = 5*s - 3*s. Suppose -7*k + 1538 + 982 = 0. Suppose 0 = 37*n - 45*n + k. What is the highest common divisor of w and n?
45
Let z be 15*8 - (5 + (-1)/1). Suppose z = 4*p + 4*q, 5*p + 4*q = 161 - 11. What is the highest common divisor of 68 and p?
34
Let o = -3 - -7. Suppose -x = 2*g + g - 36, 2*g - 10 = o*x. Suppose -3*f = -g - 10. Calculate the highest common divisor of 35 and f.
7
Suppose 119*m - 91 = 101*m + 341. What is the greatest common factor of m and 872?
8